t -1599 (base 12) to base 6.
-15513
-387 (base 10) to base 4
-12003
What is -201121 (base 3) in base 4?
-20101
20201 (base 3) to base 12
131
What is -102135 (base 6) in base 4?
-2001023
-2b65 (base 15) to base 13
-431c
What is -222050 (base 6) in base 11?
-12a85
-1001001000101 (base 2) to base 11
-3572
-11101111101 (base 2) to base 8
-3575
Convert -31011 (base 4) to base 14.
-43b
27a (base 12) to base 9
464
-400 (base 16) to base 5
-13044
What is 6095 (base 12) in base 3?
112101012
Convert 7824 (base 11) to base 16.
2847
Convert -884 (base 10) to base 13.
-530
Convert -1552 (base 11) to base 14.
-a25
211210 (base 3) to base 14
31d
What is 1010023 (base 4) in base 12?
2637
Convert -2011201 (base 3) to base 11.
-1211
What is -7423 (base 10) in base 11?
-5639
Convert 111021101 (base 3) to base 10.
9676
Convert 11110101110 (base 2) to base 16.
7ae
206 (base 10) to base 14
10a
Convert -20010 (base 5) to base 10.
-1255
Convert 2020221221 (base 3) to base 8.
126630
What is -b858 (base 12) in base 11?
-1421a
Convert -22243 (base 11) to base 9.
-48184
Convert 2 (base 16) to base 4.
2
-110110011 (base 2) to base 4
-12303
-5758 (base 15) to base 9
-27372
Convert 2155 (base 9) to base 2.
11000110101
What is 2894 (base 10) in base 14?
10aa
What is 147 (base 12) in base 15?
d4
-780 (base 10) to base 14
-3da
What is -6753 (base 9) in base 15?
-1729
-200101 (base 3) to base 10
-496
What is 110101010111 (base 2) in base 7?
12646
What is 6aa (base 16) in base 7?
4655
What is 12002 (base 7) in base 6?
22145
335 (base 6) to base 2
10000011
Convert -22213 (base 4) to base 6.
-3051
Convert -300 (base 14) to base 8.
-1114
Convert 1832a (base 11) to base 6.
314524
Convert -11000010 (base 3) to base 5.
-43134
Convert -5d (base 14) to base 10.
-83
What is -2594 (base 14) in base 11?
-4a59
-3474 (base 12) to base 2
-1011011011000
-233103 (base 4) to base 7
-11553
-a634 (base 12) to base 13
-837a
432 (base 11) to base 15
249
-27247 (base 8) to base 13
-5589
100101001100 (base 2) to base 8
4514
What is 1701 (base 13) in base 5?
102011
-5446 (base 10) to base 11
-4101
Convert 1e0 (base 15) to base 7.
1161
What is 11011111 (base 2) in base 14?
11d
What is f02 (base 16) in base 2?
111100000010
Convert -5b5 (base 16) to base 15.
-676
Convert 22003310 (base 4) to base 7.
231062
Convert -13005 (base 6) to base 4.
-132131
What is 269 (base 12) in base 14?
1c5
Convert -131133 (base 4) to base 6.
-12423
What is -32853 (base 11) in base 7?
-255544
What is -13226 (base 7) in base 9?
-4772
-288 (base 11) to base 4
-11102
Convert -7d61 (base 16) to base 5.
-2011342
What is 101032201 (base 4) in base 6?
1302401
3220 (base 4) to base 11
1a1
-2ee (base 16) to base 11
-622
-2122201 (base 3) to base 15
-891
-3206 (base 10) to base 5
-100311
147 (base 15) to base 2
100100100
Convert -1a7 (base 15) to base 4.
-11332
10010101000101 (base 2) to base 8
22505
103110 (base 4) to base 2
10011010100
Convert 931 (base 14) to base 6.
12211
What is d52 (base 15) in base 10?
3002
113030 (base 5) to base 11
3124
Convert -2200 (base 5) to base 14.
-176
What is 100000000111111 (base 2) in base 12?
9627
What is -202 (base 3) in base 4?
-110
What is -1ab2 (base 12) in base 8?
-6346
What is -4608 (base 10) in base 15?
-1573
-954 (base 10) to base 16
-3ba
What is -1b8 (base 16) in base 2?
-110111000
What is -51 (base 14) in base 5?
-241
What is 202623 (base 7) in base 15?
a3c6
Convert -981 (base 10) to base 9.
-1310
10412310 (base 5) to base 4
112112330
What is -149 (base 10) in base 13?
-b6
-6341 (base 10) to base 6
-45205
Convert -3cc2 (base 16) to base 3.
-210100002
What is 83b (base 15) in base 6?
12332
What is 1518 (base 10) in base 14?
7a6
-30231 (base 5) to base 15
-896
What is 7a39 (base 14) in base 12?
10343
-8b5 (base 12) to base 15
-5ae
-2b04 (base 15) to base 14
-3513
-2120220 (base 3) to base 11
-1466
Convert 770 (base 16) to base 10.
1904
Convert 5 (base 16) to base 13.
5
-1012050 (base 6) to base 13
-19062
What is 19602 (base 13) in base 15?
e950
Convert 1310 (base 7) to base 2.
111110001
1012 (base 8) to base 5
4042
-1609 (base 10) to base 7
-4456
Convert -26476 (base 9) to base 12.
-a429
What is -541 (base 8) in base 6?
-1345
Convert 1a39 (base 13) to base 6.
30115
Convert 2235 (base 6) to base 14.
299
-1fc (base 16) to base 2
-111111100
What is -271c (base 13) in base 14?
-2082
Convert -3436 (base 9) to base 15.
-b49
-201201 (base 3) to base 5
-4112
203330 (base 4) to base 3
10011012
Convert 61e (base 15) to base 8.
2543
24 (base 11) to base 6
42
What is -4a0 (base 12) in base 10?
-696
1212 (base 9) to base 6
4102
Convert 32230 (base 4) to base 15.
42a
-18c8 (base 14) to base 6
-32440
2130 (base 5) to base 16
122
What is 10000001100011 (base 2) in base 6?
102215
436 (base 10) to base 9
534
872 (base 15) to base 16
773
What is -143 (base 13) in base 2?
-11100000
122044 (base 5) to base 8
11051
What is -15cd (base 14) in base 6?
-30025
Convert 41305 (base 7) to base 6.
114431
What is 336 (base 14) in base 9?
776
What is -44031 (base 5) in base 16?
-bc8
-20320 (base 5) to base 16
-537
Convert 100111112 (base 3) to base 15.
20bb
Convert 131303 (base 4) to base 8.
3563
What is -768 (base 12) in base 9?
-1438
Convert 13103332 (base 4) to base 3.
1112002021
Convert 201222 (base 3) to base 11.
450
What is 102532 (base 9) in base 3?
10002121002
What is -6036 (base 7) in base 9?
-2766
What is 454 (base 6) in base 8?
262
What is -5650 (base 8) in base 3?
-11002112
-124a3 (base 14) to base 8
-127437
Convert -42d4 (base 16) to base 15.
-5108
-a03b (base 12) to base 8
-41657
Convert -2cb5 (base 15) to base 16.
-2594
Convert -312232 (base 4) to base 10.
-3502
Convert 215b (base 13) to base 7.
16345
What is 10000210210 (base 3) in base 9?
100723
Convert 113045 (base 6) to base 13.
458c
What is 33b (base 15) in base 14?
3a3
Convert 5442 (base 9) to base 5.
112012
Convert 4123211 (base 5) to base 4.
100123222
Convert -1a1e (base 15) to base 2.
-1011000010110
What is -204111 (base 5) in base 2?
-1101001111101
Convert -36033 (base 10) to base 15.
-aa23
Convert 717 (base 13) to base 9.
1576
Convert -4957 (base 10) to base 12.
-2a51
What is -934 (base 10) in base 6?
-4154
-11bd0 (base 15) to base 4
-31311132
Convert -13311 (base 4) to base 11.
-416
What is -4533 (base 9) in base 8?
-6427
4055 (base 10) to base 7
14552
222 (base 10) to base 6
1010
-12512 (base 15) to base 13
-20834
1233 (base 4) to base 15
76
-206 (base 7) to base 12
-88
What is -1001010100 (base 2) in base 10?
-596
Convert 7277 (base 9) to base 12.
3107
What is -26051 (base 7) in base 12?
-3ba8
Convert -31786 (base 10) to base 14.
-b826
What is -55401 (base 7) in base 12?
-8079
Convert -19 (base 15) to base 7.
-33
Convert 1131 (base 14) to base 13.
1486
What is 12514 (base 8) in base 3?
21110221
-121324 (base 6) to base 7
-43135
Convert 12110111 (base 3) to base 8.
7616
What is 1750 (base 8) in base 3?
1101001
Convert 3432 (base 6) to base 16.
32c
What is 17b0 (base 12) in base 13?
13c8
What is -1200020 (base 3) in base 12?
-859
What is 11001101010 (base 2) in base 11?
1263
What is 439 (base 13) in base 10?
724
-9b2 (base 12) to base 7
-4112
Convert 12330301 (base 4) to base 8.
67461
Convert -652 (base 11) to base 14.
-3dd
132142 (base 5) to base 12
3095
13233 (base 5) to base 4
100230
-6728 (base 11) to base 10
-8863
Convert -2063 (base 8) to base 14.
-56b
-45453 (base 6) to base 8
-14451
Convert -5675 (base 14) to base 5.
-434444
What is 14911 (base 11) in base 14?
796a
Convert -532 (base 9) to base 6.
-2002
What is 102122012 (base 3) in base 8?
20443
What is 1565 (base 8) in base 16?
375
Convert 202110220 (base 3) to base 10.
14928
What is -237 (base 14) in base 13?
-27c
What is 122121 (base 4) in base 13?
9cc
Convert -41411 (base 5) to base 10.
-2731
What is -131120 (base 4) in base 15?
-855
-51 (base 6) to base 11
-29
What is 8187 (base 10) in base 6?
101523
Convert 426 (base 11) to base 15.
242
-668 (base 10) to base 7
-1643
Convert 301 (base 4) to base 2.
110001
Convert -4542 (base 10) to base 15.
-152c
Convert -1505 (base 7) to base 11.
-49a
What is 81a0 (base 11) in base 14?
3d71
10521 (base 7) to base 12
1659
What is -3339 (base 10) in base 14?
-1307
Convert 9908 (base 12) to base 3.
212010022
What is -1e56 (base 15) in base 8?
-14